e prime factors of c.
2, 13
Suppose 2*l + l - 33 = 0. Let c = 28 - l. What are the prime factors of c?
17
Suppose -2*m - 2 = 0, -7*i - 29 = -3*i - 3*m. Let v(t) = -39*t - 43. What are the prime factors of v(i)?
269
Suppose -3*w + 1 = -o, o - 13 = -3*w - w. Suppose 0 = -o*t + 515 + 510. List the prime factors of t.
5, 41
Suppose -4*j + 97 - 9 = 0. Let c be (0 + 3)/(33/j). What are the prime factors of 15/c*18/27?
5
What are the prime factors of (357/(-6))/(110/(-36) + 3)?
3, 7, 17
Suppose 7*k = 3*k - 224. Let l = k - -80. List the prime factors of l.
2, 3
Let o be 18/2*7/21. Suppose 6*z + o*z - 27 = 0. List the prime factors of z.
3
Let k(y) be the first derivative of 4*y - 1/3*y**3 + 14 - 9/2*y**2. What are the prime factors of k(-3)?
2, 11
Let l = -25 - -29. Suppose 3*f - 7*f + l*p = 76, 63 = -3*f + 5*p. List the prime factors of 4*(-2)/f*58.
29
Suppose 17 = 69*n - 68*n. Suppose 798 = n*j - 11*j. What are the prime factors of j?
7, 19
Suppose 0 = s + 2*s. Let v = -966 - -1033. Suppose s = i - 1 - v. What are the prime factors of i?
2, 17
Let c = -56 - -97. What are the prime factors of c?
41
Let m = -5 - -8. Let u(t) = -7*t**3 + 2 + 32*t**m - 1. What are the prime factors of u(1)?
2, 13
Let s be -3 - -3 - (-27)/(-3). Let j(l) = l**2 + 3*l + 1. List the prime factors of j(s).
5, 11
Suppose 54*f - 98141 = 49549. List the prime factors of f.
5, 547
Let d(v) = 0*v + 5 - 3*v + 12*v**2 - 9 + 3*v**2. What are the prime factors of d(-2)?
2, 31
Suppose -v + 9 = 1. Let r be (13 + 7)*(-1)/(-4). Suppose -v = -z + r. List the prime factors of z.
13
Suppose 6*w + k - 1114 = w, -3*w + 4*k + 673 = 0. Let h = w + -56. List the prime factors of h.
167
Suppose -8*d + 13*d = 10. List the prime factors of ((-13)/(-26))/(d/128).
2
Let r = 2072 - -2527. What are the prime factors of r?
3, 7, 73
Let p = 3 - -1. Suppose -3*x + p*q + 223 = 2*q, -4*x + 5*q + 295 = 0. Suppose -x = t - 4*t. List the prime factors of t.
5
Suppose 0 = -w + 3*f + 9, w + 12 = -3*f - f. Suppose 5*p - 196 - 134 = w. What are the prime factors of p?
2, 3, 11
Let l be (-36)/6 - (-2 - -1). Let b = -18 - l. Let c = 46 + b. List the prime factors of c.
3, 11
Suppose 0 = -r - 4*r - 590. Let n = -171 - r. Let w = n + 83. List the prime factors of w.
2, 3, 5
Let r be (-1 - -4) + -2*1. Let j(o) = 12*o**2 - o + 1. Let a be j(r). Suppose 5*x = a + 28. List the prime factors of x.
2
Suppose 0 = -q + 5 + 80. Let o = -75 + q. List the prime factors of o.
2, 5
Let x = 50 + -47. Suppose -259 = -2*j - 5*s, -x*s - 601 = -2*j - 3*j. What are the prime factors of j?
2, 61
Let p(z) = -z**3 - 6*z**2 - 4*z + 1. Suppose -i = 3*i + 16. Let h be p(i). Let s(o) = o**2 + 14*o + 10. What are the prime factors of s(h)?
5
Let v be 9/2*-15*(-16)/10. Suppose -2*i + v = 3*k - 6*k, -4*i = -4*k - 224. What are the prime factors of i?
2, 3, 5
Suppose -b + 8 = 5*k - 2*k, 14 = 3*k + 4*b. Let t(s) = 2*s**2 + 2 + 4*s**2 - k + 2. List the prime factors of t(-2).
2, 13
Let t be ((-5)/3)/(3/(-9)). Let a(r) = 5*r - 1. What are the prime factors of a(t)?
2, 3
Let y(r) = 2*r**2 - 4*r - 2. Let u be (-66)/12 + (-1)/2. List the prime factors of y(u).
2, 47
Let j(k) = -3*k - 12. Suppose 5*w = 6*w + 5. Let p be j(w). Suppose -15 = -p*l - 0*l. What are the prime factors of l?
5
Let d = 613 - 309. Let b = d - 123. List the prime factors of b.
181
Suppose -s - 3*y = -5859, -9 = -4*y - 1. What are the prime factors of s?
3, 1951
Let i be ((-22)/6 + 3)/((-4)/1236). Let k = i + -124. List the prime factors of k.
2, 41
Suppose a - 3480 = -5*z, -4*a + 2*a = -10. Suppose 5*f - z = -3*q, 4*q + 4*f = -q + 1141. Suppose -2*p + 7*p - q = 0. List the prime factors of p.
3, 5
Suppose -5*z = -o - 1414, 11*z = 8*z + 5*o + 844. List the prime factors of z.
283
Let j = 2845 - -487. List the prime factors of j.
2, 7, 17
Suppose 4*h = 2*p + 984, 0*p = -h + 5*p + 246. What are the prime factors of h?
2, 3, 41
Let i(t) = -t + 6. Let p be i(5). Suppose -4*u + 26 = n + n, 0 = -5*u + 2*n + 10. List the prime factors of (p - u) + (-21)/(-1).
2, 3
Let o = -198 + 107. Let p = 147 + o. What are the prime factors of p?
2, 7
Suppose 7*h + 4*u = 3*h - 12, -2*h = -5*u - 29. Suppose -h*b - 900 = -6*b. What are the prime factors of b?
3, 5
Suppose 2*g - 185 = 4*h - 17, -g + 89 = -3*h. List the prime factors of g.
2, 37
Let h(f) = f**3 - 16*f**2 + 14*f - 5. Suppose -i - i = -4*u + 70, u - 4 = -4*i. What are the prime factors of h(u)?
3, 73
Let g(t) = -t**3 + 21*t**2 + 12*t - 26. Let u be g(19). Suppose 39*q = 36*q + u. List the prime factors of q.
2, 7, 11
Let j(c) be the third derivative of c**5/60 + c**3/2 - 6*c**2. Let o be j(0). Suppose u - o*u = -5*w - 87, -50 = -u - 4*w. What are the prime factors of u?
2, 23
Suppose -146 = 5*i - f, -5*f + 9 = -5*i - 141. Suppose 4*n - 240 = -4*z, 69 + 239 = 5*n + z. Let d = i + n. List the prime factors of d.
3, 11
Suppose -1 - 2 = -3*h, -5*u + 2*h = 52. Let r be (-8)/(-36) + 8068/(-18). What are the prime factors of (-5)/(-25) + r/u?
3, 5
Let l(s) = 175*s - 12. What are the prime factors of l(3)?
3, 19
Let a be (-8)/48 + (-2 - (-31)/6). Suppose 0 = -k + 5*n + 121, a*k + n = -71 + 498. List the prime factors of k.
3, 47
Let h(n) = n**2 + 22*n + 8. Let b be h(-20). List the prime factors of (-270)/8*b/6.
2, 3, 5
Let i = 627 + -286. What are the prime factors of i?
11, 31
Suppose 5*s + 0*s - 520 = 0. Let m = 150 + s. List the prime factors of m.
2, 127
Let b = -21 - -27. Suppose -30 = v - b*v. What are the prime factors of ((-45)/v)/(12/(-32))?
2, 5
Let i = 117 + -113. What are the prime factors of (-196)/(-2) + i*(-3)/4?
5, 19
Suppose -4*d = -7*d. Let f(n) = -n**2 + 22. What are the prime factors of f(d)?
2, 11
Let q(z) = z**2 + 13*z + 26. Let b be q(-11). Suppose -t + 45 = b. List the prime factors of t.
41
Suppose -2*q = -2*z - 0*z + 104, 2*z - 4*q = 114. Let h = 6 + z. What are the prime factors of h?
53
Let h = 6316 - 3526. What are the prime factors of h?
2, 3, 5, 31
Let p(v) = 6*v**2 - 5*v + 3. Let y be p(5). Let o = -66 + y. List the prime factors of o.
2, 31
Suppose 5*v = 12196 + 13299. What are the prime factors of v?
5099
Let y = 80 - 55. What are the prime factors of y?
5
Suppose 2*j = 5*o - j - 883, 2*j - 366 = -2*o. What are the prime factors of o?
179
Suppose 13610 = 6*w - 5554. What are the prime factors of w?
2, 1597
Let y(u) = u**2 - 9*u - 58. List the prime factors of y(-8).
2, 3, 13
Let p = 1 + -14. Let h = p - -36. Suppose -5*u = c - 31, 0*u + h = c + u. What are the prime factors of c?
3, 7
Suppose 3*z - 3*h = -h - 56, 90 = -5*z + 5*h. Let u = 10 + z. List the prime factors of (0 + 22)/(-8 - u).
11
Let w(t) = -t**3 + t**2 + 4*t - 1. Let v be w(4). Suppose -7 = s - 9. What are the prime factors of ((-77)/v)/(s/6)?
7
List the prime factors of ((-24)/(-9))/(20/16050).
2, 5, 107
Let u(t) = t**2 - 5. Let b be u(-3). What are the prime factors of 27*(-15)/(b - 9)?
3
Let z = 7 - 3. Suppose 16 = 3*t + z. Suppose t*w = 121 - 29. List the prime factors of w.
23
Suppose 0 = a - 1 - 1. Suppose -3*v + 5*z + 65 = 3*z, 0 = 2*v + 4*z - 54. Suppose l - a*i = 19, 0*l - i - v = -l. What are the prime factors of l?
3
Let i = -859 - -1535. Suppose 4*d + 0*u = -2*u + i, 167 = d + u. What are the prime factors of d?
3, 19
Let n = -21 + 30. Suppose n = k + 1. Let d(c) = -c**3 + 9*c**2 - 6*c - 10. What are the prime factors of d(k)?
2, 3
Let o be (-3)/(-1) - (2 + 3). List the prime factors of (-376)/16*(o - 0)*1.
47
Suppose 0 = -146*s + 166*s - 16560. What are the prime factors of s?
2, 3, 23
Let r be 12/(-21) + 36/14. Suppose -s = -r*s + 2. What are the prime factors of s?
2
What are the prime factors of (-1)/5 - 7266/(-30)?
2, 11
Suppose 3*c = 3*n, -6*n + 3*c + 2 = -4*n. What are the prime factors of 185 + (-4 - 8/n)?
5, 37
Let y(q) = -q**3 + q**2 + 18*q - 2. List the prime factors of y(-9).
2, 17, 19
Let d(i) = i**3 - 3*i**2 - 5*i - 6. Suppose -3*x = -4*v - 6, -x = 3*x - 5*v - 9. Let m be (30/(-9))/((-4)/x). List the prime factors of d(m).
19
Suppose 9*j = 6605 + 7579. What are the prime factors of j?
2, 197
Suppose 5*w - 8 = 72. Suppose w + 20 = 6*v. Let o = v + -3. What are the prime factors of o?
3
Let x = 170 + -109. Let y = x + -22. List the prime factors of y.
3, 13
Suppose -392 = -c + 4*w + w, c - 3*w - 402 = 0. Let d = c - 237. W